f j and 14.
14
Let j = -27 + 54. Let k = 0 + j. What is the highest common factor of 3 and k?
3
Suppose 12*u - 65 - 415 = 0. Suppose i = 3*i + w - 23, -3*i - 5*w = -45. Calculate the greatest common divisor of i and u.
10
Suppose 3*d + 2*d - 1109 = 3*o, 0 = -5*d + 5*o + 1115. Calculate the greatest common factor of d and 20.
20
Suppose -l - 3*l = 0. Suppose -5*m + 2*m - 6 = l, 3*w = -5*m + 305. What is the greatest common factor of w and 15?
15
Let m = 7 - -113. What is the greatest common divisor of m and 48?
24
Let n(w) = -w**3 - 2*w**2 + w + 6. Let a be n(-3). Let f be 8/5*165/2. What is the highest common factor of f and a?
12
Suppose -u + 3 = -0*u - v, 4 = 4*v. Let p = u - 3. What is the greatest common factor of 5 and p?
1
Suppose 3*v + 0*v = 4*j + 2, -2*v = -2*j. Let c be ((-1)/v)/((-1)/(-26)). What is the greatest common divisor of c and 13?
13
Suppose -5*m + n + 258 = 0, 3*n - 5*n - 152 = -3*m. Let o = 94 - m. Let f be 1/(o/(-22) - -2). Calculate the highest common divisor of 44 and f.
11
Suppose -2*l - 1170 = -7*l. Suppose 0 = -2*r - 2*r + 104. What is the greatest common factor of r and l?
26
Let l be 192/20 + 2/5. Calculate the highest common divisor of l and 20.
10
Suppose -28 = -3*a - g, -a + 5*a - 32 = -4*g. Calculate the highest common factor of 110 and a.
10
Suppose 616 = 3*w + 5*w. Calculate the highest common factor of 11 and w.
11
Suppose 5*v + 2*x - 40 = -9, -2*x - 19 = -5*v. Suppose -5*o = -2*y + 3, -v*y - 7 = 5*o - 32. What is the greatest common divisor of y and 16?
4
Let y(j) = 2*j + 24. Let k be y(-10). Suppose 4*u = 47 + 33. What is the greatest common divisor of k and u?
4
Let u(w) = w**2 - 4*w + 7. Let s be u(7). Suppose -92 = -2*b + s. Calculate the highest common divisor of 15 and b.
15
Suppose 3*f + 60 = 8*f. Calculate the greatest common divisor of f and 108.
12
Suppose 2*z = 5*j + 193, 153 = -4*j + 4*z - z. Let r = j + 55. Let u = 14 - 6. Calculate the greatest common divisor of r and u.
8
Let y be (-70)/(-20) + 3/(-2). Suppose y*i = 4*d - 78 - 104, 224 = 5*d + i. What is the highest common factor of 15 and d?
15
Suppose 0 = -5*r - 3*i + 34, 8 = 2*i - 6*i. Suppose 2*w + 69 = 5*w. Suppose w = p - 33. What is the highest common divisor of r and p?
8
Let c(v) = v + 3. Let u be c(6). What is the greatest common factor of u and 6?
3
Let h = 10 - 7. Suppose -2*v + 4*u = u + 8, 0 = 5*v - h*u + 11. Let x be -3*(-8 + 1 + v). What is the greatest common divisor of 16 and x?
8
Let q be (-2)/(2/(-3))*1. Let t be ((-26)/(-6) + -1)*q. What is the greatest common divisor of 10 and t?
10
Let h = 58 - -101. Suppose i - 4*i = 3*r - h, -i = 5*r - 261. What is the highest common factor of 13 and r?
13
Suppose o - 18 = -2*o. Suppose o*u + 4 = 2*u. Let t be 26/2 + (-1)/u. What is the highest common factor of t and 14?
14
Let z be ((-3)/6)/(4/(-40)). Calculate the highest common factor of z and 55.
5
Let b(t) = -t**3 + 9*t**2 - 9*t + 9. Let g be b(8). Let z be 28 - (0 + g) - 0. Calculate the highest common factor of z and 81.
27
Let t = 2 - 2. Let s be 2*((-1)/(-2) - t). Suppose 8 = -w + 3*w, 0 = -4*d + 2*w + 12. Calculate the greatest common factor of d and s.
1
Let j = -12 - -97. Suppose -5*n = -165 - j. Calculate the highest common factor of 5 and n.
5
Let t(r) = -2*r**2 - r + 1. Let o be t(1). Let y be (-10)/o*(-4)/(-10). Suppose y*i = -i + 33. Calculate the greatest common divisor of 99 and i.
11
Suppose 1626 = -3*h - 2*y - 2*y, 2*h + 1067 = 3*y. Let d be h/(-6) - (-4)/12. What is the highest common divisor of d and 18?
18
Suppose -z + 226 - 72 = 0. What is the highest common factor of z and 22?
22
Suppose 400 = 2*v + 2*v. Calculate the highest common factor of v and 20.
20
Suppose 2*x = 10*x - 1456. Calculate the highest common divisor of x and 26.
26
Suppose 2*j + 3*a - 4 = 0, 0*j - j + 4*a = -2. Suppose j*t - 6 = -0*t - 2*s, 5*t = -3*s + 21. Let l = t + -2. What is the greatest common divisor of 2 and l?
2
Suppose 2*q + 2*q = -g + 702, -g = q - 174. What is the greatest common divisor of q and 16?
16
Suppose 64 - 24 = 5*p. Let x = 582 + 661. Let s be (-2)/4 + x/22. What is the greatest common factor of s and p?
8
Suppose 3*b + 81 = -2*j + 240, b = 2*j + 45. Let z = b - 23. Calculate the greatest common divisor of 224 and z.
28
Let q = 87 - -32. Calculate the greatest common factor of q and 17.
17
Suppose -i - 1 = 0, 3*o - 3*i - 32 = -i. Suppose 0 = n + 3*n - 160. What is the greatest common divisor of o and n?
10
Let g(p) = -p**3 + 12*p**2 - 12*p + 14. Let y be g(11). What is the highest common factor of y and 15?
3
Let r be (0 - 23)/((-6)/18). Let p be 0 - 3 - r/(-3). Calculate the highest common divisor of 8 and p.
4
Let q be (4/6)/(18/(-81)). Let d = 12 + q. Calculate the highest common factor of d and 81.
9
Let y(b) = b**3 - 5*b**2 - 2*b + 1. Let s be y(6). Let o(w) = w**3 + 7*w**2 + 5*w - 1. Let q be o(-6). Calculate the greatest common divisor of q and s.
5
Let c(g) = g**2 + 2*g - 5. Suppose 3*s + 5*a + 15 + 0 = 0, 5*a + 15 = 5*s. Let x = -7 + s. Let q be c(x). Calculate the highest common divisor of 20 and q.
10
Let w(x) = -5*x - 16. Let l be w(-5). Let y(m) = m**2 + m. Let c be y(4). Let b = c - l. Calculate the greatest common factor of 33 and b.
11
Suppose 2 = -4*c + 18. Suppose -94 = -c*i + 2*m, -4*i - 3*m = -0*m - 119. Calculate the highest common divisor of i and 13.
13
Let h(l) be the first derivative of l**3 + l**2 - 6*l + 5. Let m be h(-6). Calculate the highest common divisor of m and 10.
10
Suppose 3 = -3*u, 2*u = 4*m + u - 225. What is the highest common divisor of 8 and m?
8
Let q = 4 - -1. Calculate the greatest common divisor of 15 and q.
5
Let w = 82 + -55. Let d(x) = x + 119. Let a be d(-38). Calculate the greatest common divisor of a and w.
27
Let k = 14 - -10. Let i = 2 + k. What is the highest common factor of i and 13?
13
Let k(b) = b**2 + b - 2. Let p be k(2). Suppose 4*y - 7 - 1 = 0. Suppose -17 = -y*o + 3. Calculate the highest common factor of p and o.
2
Let r = -4 + 5. Suppose 0*p = -p. Suppose p = u - 0*u - 8. What is the highest common factor of r and u?
1
Let m be (-98)/(-3)*(-36)/(-14). Calculate the greatest common factor of m and 28.
28
Let c(r) = -9*r + r**2 + 6*r + 4*r. Let w be c(4). Calculate the highest common factor of w and 5.
5
Let k(r) = -9*r + 3. Let c be k(-1). What is the highest common divisor of 120 and c?
12
Suppose 2 = p - 4. Suppose -3*c + 98 = 2*z, -64 = -4*c + 2*c - z. What is the greatest common factor of c and p?
6
Let g = 10 - -14. Let j be 44*-1*(-20 + 14). Calculate the greatest common factor of j and g.
24
Suppose -k + 29 = -5*n, k - 11 = 4*n + 14. What is the highest common factor of 36 and k?
9
Suppose 95 = -5*j + 445. Suppose 2*m = -2*m + 56. Calculate the highest common divisor of j and m.
14
Let b(c) = -2*c + 28. Let t be b(0). Calculate the highest common divisor of 224 and t.
28
Suppose -h = -5*x + 55, 2*h + 26 = 3*x - 0*h. Let s be ((-4)/6)/(2/(-594)). Let a = s - 90. What is the greatest common divisor of a and x?
12
Let x(y) = -y - 6. Let c be x(-7). What is the highest common factor of c and 1?
1
Let n be (1/2)/((-7)/(-126)). Suppose 3*f = 134 - 26. Calculate the highest common divisor of f and n.
9
Let o(c) = -c**3 - 5*c**2 - 2*c - 5. Let d be o(-5). Suppose -3*v - 31 = -4*z - z, 3*z - 7 = -4*v. What is the highest common divisor of z and d?
5
Suppose u = -3, 0*t + 3*u + 24 = t. Let n = 8 - -2. Calculate the highest common divisor of n and t.
5
Suppose 0 = -5*b - 5*r + 20, -2*r + 16 - 71 = -5*b. Suppose 0 = 4*q, s + 4*q = 2*q + 1. Calculate the highest common factor of s and b.
1
Suppose -2*s + 29 = w - 38, s - 2*w = 31. Suppose 0 = 3*c + r - s, 3*r - 3 = 3*c - 48. Calculate the highest common factor of c and 36.
12
Let f(g) = -55*g**3 - g - 1. Let q be f(-1). Suppose -2*o + m = -13, -2*m - 3 = 2*o - 7. Calculate the greatest common divisor of o and q.
5
Let x = -13 - -29. Calculate the highest common factor of x and 8.
8
Let x be (-1)/(-3) + (-112)/(-6). Let h = -266 - -342. What is the highest common divisor of x and h?
19
Suppose 0 = 4*j - 9 - 31. Let y(s) = 21*s**2 - s - 2. Let b be y(2). Calculate the highest common divisor of b and j.
10
Let i = 4 - -22. Calculate the highest common factor of 39 and i.
13
Let o be (-10)/(-4) - 18/(-12). Le